8516766 a multiple of 17?
False
Is 2367494580 a multiple of 1005?
True
Does 2251 divide 132378331?
False
Is 739356735 a multiple of 171?
False
Does 139 divide 315332298?
False
Is 149 a factor of 356610580?
False
Is 2749337496 a multiple of 67?
True
Is 1155574 a multiple of 59?
True
Is 7 a factor of 9888711?
True
Is 658578502 a multiple of 983?
False
Is 66753628 a multiple of 3754?
True
Does 46 divide 2359304084?
False
Is 85868750 a multiple of 1375?
True
Is 23249487 a multiple of 129?
False
Does 5 divide 40729950?
True
Is 25115034 a multiple of 21?
True
Is 536141877 a multiple of 6?
False
Is 45 a factor of 59128875?
True
Is 79805111 a multiple of 276?
False
Does 334 divide 39500510?
True
Does 25 divide 29816959?
False
Is 596936097 a multiple of 9?
True
Is 884269 even?
False
Does 6 divide 305453147?
False
Is 8 a factor of 216906235?
False
Is 628466264 a multiple of 24?
False
Is 24611921 a multiple of 4?
False
Is 351 a factor of 2168829?
True
Is 1362977069 a multiple of 1430?
False
Is 250847904 a multiple of 96?
True
Is 557 a factor of 4244050415?
False
Is 628 a factor of 175202580?
True
Is 980 a factor of 348226150?
False
Is 19 a factor of 151981893?
True
Is 1396 a factor of 1000361036?
True
Is 25003607 a multiple of 33?
False
Is 4018 a factor of 1268615194?
True
Does 2 divide 11597104?
True
Is 187145882 a multiple of 114?
False
Is 1418 a factor of 10137282?
True
Is 15256851 a multiple of 12?
False
Is 29687659 a multiple of 59?
False
Is 22 a factor of 148519756?
True
Is 73172352 a multiple of 187?
True
Is 209 a factor of 19511972?
False
Is 9 a factor of 53731600?
False
Does 49 divide 715321159?
True
Is 95853880 a multiple of 43?
True
Is 199594356 a multiple of 87?
True
Is 20961420 a multiple of 12?
True
Is 163205737 a multiple of 7?
False
Is 343291036 a multiple of 130?
False
Does 464 divide 64206464?
True
Is 165 a factor of 14624253?
False
Is 53 a factor of 7973214?
True
Does 73 divide 65783293?
True
Does 5576 divide 602648504?
True
Is 8772741 a multiple of 76?
False
Is 125 a factor of 36336537?
False
Does 11 divide 1819235522?
False
Is 15 a factor of 113131735?
False
Is 61389272 a multiple of 28?
True
Is 749716868 a multiple of 1284?
False
Is 10 a factor of 937773400?
True
Does 20 divide 14857120?
True
Is 156 a factor of 29601000?
True
Is 24 a factor of 149155944?
True
Does 162 divide 781937874?
True
Is 7 a factor of 69413883?
True
Is 92390008 a multiple of 83?
False
Does 2603 divide 2018922943?
False
Does 50 divide 3648494?
False
Is 119 a factor of 4039455?
True
Is 125 a factor of 159613421?
False
Does 16 divide 293319229?
False
Does 346 divide 1554486?
False
Does 228 divide 65785788?
False
Is 122 a factor of 369889444?
False
Is 307778057 a multiple of 4?
False
Does 96 divide 37441344?
True
Does 98 divide 614418252?
True
Is 14627474 a multiple of 31?
True
Does 326 divide 22329370?
True
Does 42 divide 175157668?
False
Is 2173163 a multiple of 51?
False
Is 39642674 a multiple of 8?
False
Is 2378 a factor of 1134985388?
False
Is 24307284 a multiple of 58?
False
Is 1192 a factor of 7939283?
False
Is 9 a factor of 572856881?
False
Is 17 a factor of 1640535427?
False
Does 14 divide 1073716?
True
Does 3095 divide 1176100?
True
Does 49 divide 29459580?
False
Is 8 a factor of 299295552?
True
Does 85 divide 1162677345?
True
Is 4 a factor of 502484?
True
Does 10 divide 46247475?
False
Does 4 divide 35152000?
True
Is 50898011 a multiple of 353?
True
Does 5702 divide 1087941600?
True
Is 11 a factor of 29267194?
True
Does 20 divide 2813093160?
True
Does 1473 divide 7471056?
True
Does 13351 divide 4466016308?
True
Is 31 a factor of 1005034?
False
Is 38306109 a multiple of 61?
True
Is 44426968 a multiple of 21?
False
Does 3122 divide 493313501?
False
Is 36 a factor of 64760040?
True
Is 229951417 a multiple of 32?
False
Is 42068305 a multiple of 253?
False
Does 15 divide 100897241?
False
Is 855088026 a multiple of 1131?
True
Does 1677 divide 3111542?
False
Is 9 a factor of 269342228?
False
Is 55587490 a multiple of 203?
True
Is 3 a factor of 37017568?
False
Is 181479331 a multiple of 2?
False
Is 7 a factor of 65684823?
False
Is 32682464 a multiple of 2?
True
Is 81274104 a multiple of 274?
False
Does 111 divide 2618666381?
False
Does 21 divide 724687614?
True
Is 263 a factor of 20214180?
True
Is 268 a factor of 1174450728?
False
Does 8535 divide 4720332960?
True
Is 25 a factor of 1636725?
True
Is 121 a factor of 159770243?
False
Is 12 a factor of 345841827?
False
Is 1396984559 a multiple of 167?
True
Does 417 divide 147465508?
False
Is 22 a factor of 35671196?
True
Does 86 divide 166815576?
True
Is 777 a factor of 3064195071?
True
Is 7883615 a multiple of 5?
True
Is 99 a factor of 2483210565?
True
Is 92317698 a multiple of 3942?
True
Is 8 a factor of 3180066928?
True
Does 216 divide 20758844?
False
Is 10929600 a multiple of 230?
True
Is 13 a factor of 40441583?
True
Is 35726505 a multiple of 163?
False
Does 224 divide 67404881?
False
Does 174 divide 512101013?
False
Is 18835580 a multiple of 610?
True
Is 141205948 a multiple of 26?
True
Does 14 divide 11112571?
False
Does 2097 divide 73616742?
False
Is 1372048200 a multiple of 6?
True
Is 548433427 a multiple of 554?
False
Does 1670 divide 265446889?
False
Does 237 divide 21863250?
True
Is 1787 a factor of 6363643?
False
Is 37 a factor of 840196?
True
Is 32308160 a multiple of 16?
True
Does 21 divide 464290596?
True
Is 204582000 a multiple of 56?
True
Is 20 a factor of 1363222513?
False
Is 193 a factor of 422460016?
True
Is 66 a factor of 9664945?
False
Does 34 divide 11215512?
True
Is 69463368 a multiple of 1128?
True
Is 42 a factor of 16823416?
False
Is 14 a factor of 119716547?
False
Does 5305 divide 171159499?
False
Does 49 divide 50290268?
True
Is 5 a factor of 9868560?
True
Is 49 a factor of 16044896?
False
Is 36 a factor of 502231464?
True
Does 42 divide 678742995?
False
Is 25 a factor of 6668715?
False
Is 118163690 a multiple of 331?
True
Is 1807170 a multiple of 885?
True
Is 7 a factor of 14459389?
True
Does 92 divide 4074227?
False
Does 749 divide 27480061?
True
Is 17 a factor of 1351393325?
True
Does 73 divide 8873760?
False
Is 5931844 a multiple of 6?
False
Is 1230 a factor of 65499960?
True
Is 2613032096 a multiple of 9238?
False
Does 360 divide 49829400?
True
Is 102 a factor of 8345710?
False
Is 73535305 a multiple of 19?
False
Is 503399358 a multiple of 77?
True
Does 3794 divide 55895052?
False
Does 60 divide 978964680?
True
Does 27 divide 213714990?
True
Is 297 a factor of 313696787?
False
Does 143 divide 15552846?
False
Is 63 a factor of 7154217?
True
Is 12 a factor of 633284537?
False
Is 2503 a factor of 1857931846?
True
Does 207 divide 67805951?
False
Is 589537069 a multiple of 31?
False
Does 156 divide 28449170?
False
Is 6 a factor of 9729630?
True
Is 214 a factor of 8044688?
True
Is 66 a factor of 154828146?
True
Is 137754330 a multiple of 10?
True
Is 288 a factor of 954403200?
True
Does 449 divide 83633883?
True
Is 2431967122 a multiple of 16?
False
Does 19 divide 3289882575?
False
Is 802340724 a multiple of 655?
False
Is 405 a factor of 1444566010?
False
Is 3120 a factor of 2294561371?
False
Is 4 a factor of 1765736?
True
Is 340761 a multiple of 10?
False
Is 915 a factor of 416886810?
True
Is 292 a factor of 791128448?
True
Is 69 a factor of 59812079?
False
Is 117261505 a multiple of 89?
True
Does 15 divide 312790510?
False
Does 19 divide 8910886?
True
Is 96 a factor of 979841538?
False
Is 633 a factor of 1087707724?
False
Is 173991240 a multiple of 60?
True
Is 584322358 a multiple of 32?
False
Does 13 divide 1083904406?
True
Is 284836496 a multiple of 476?
True
Is 6959806 a multiple of 1126?
True
Is 555422105 a multiple of 506?
False
Is 232 a factor of 90769869?
False
Is 733 a factor of 17227249?
False
Is 18313439 a multiple of 150?
False
Is 64210692 a multiple of 42?
True
Is 145 a factor of 50572085?
True
Does 421 divide 560614615?
False
Is 26999116 a multiple of 57?
False
Is 7 a factor of 13428664?
False
Does 766 divide 495979638?
True
Is 250 a factor of 27109009?
False
Is 323 a factor of 130102103?
False
Is 359 a factor of 14598017?
True
Is 96 a factor of 1020668698?
False
Is 292522238 a multiple of 177?
False
Does 34 divide 3733718?
False
Does 16 divide 479968608?
True
Does 881